 be x(1). Let o = 5 + y. What is the tens digit of ((-3)/2)/((-3)/o)?
3
Let p = 32 - 30. Suppose 3*l - 4*l = -4*k - p, 5*k - 5 = 0. What is the units digit of l?
6
Suppose 14*l = -4*l + 4662. What is the units digit of l?
9
Suppose q + 6 = 2*q. Let c be 120/(-9)*q/(-4). Suppose -k - 5*u = k - 11, -2*u = 2*k - c. What is the units digit of k?
3
Let p = -364 + 617. Suppose 135 = 3*d + 5*q, 0*q + q = 5*d - p. What is the units digit of d/14 - (-28)/(-49)?
3
Suppose 152 = 2*p + 2*r, -2*p + 2*r = 5*r - 147. Suppose 0 = -2*m - 3*b + 98, -5*m + b + 164 = -p. What is the tens digit of m?
4
Suppose -76*k = -72*k - 92. What is the tens digit of k?
2
Suppose -a + 3*a - 62 = 0. What is the units digit of 4/16 - a/(-4)?
8
Let k = -1961 - -2264. What is the units digit of k?
3
Let b = -51 - -35. What is the units digit of 82 - b/((-12)/3) - 2?
6
Let a(v) = v + 44*v + 12 + 4*v. What is the hundreds digit of a(2)?
1
Let i(k) = k**2 - 13*k. What is the tens digit of i(17)?
6
Suppose b = 4*b - v - 8, 0 = -2*b - 4*v + 24. Suppose 2*k - 34 - 22 = f, -3*k - b*f = -62. Let a = k - 14. What is the tens digit of a?
1
Let p(o) = 6*o - 1. Let z be p(-5). Suppose y + 5*a = 2*a - 14, a - 2 = 0. Let x = y - z. What is the units digit of x?
1
Suppose 5*n = 1018 + 1392. What is the units digit of n?
2
Let j be -1*1 + 5 + (3 - 3). Suppose -j*o + 501 + 459 = 0. What is the hundreds digit of o?
2
Suppose 92 - 15 = 2*w - d, -10 = -2*d. Let l = 116 - w. Suppose 3*s - l = -0*s. What is the units digit of s?
5
Let b be (63/(-4))/((-4)/(-32)). Let j = b - -194. What is the units digit of j?
8
Suppose 5791 = 11*i - 6. What is the hundreds digit of i?
5
Let z(t) = -55*t + 1. Let l be z(-6). Suppose -l = -4*i - 19. What is the tens digit of i?
7
Let d(t) = -t**2 + 11*t + 12. Let m be 16 - (-2)/(-3)*6. Let r be d(m). Suppose s - 17 + r = 0. What is the units digit of s?
7
Suppose -3*i + 1040 = 152. What is the hundreds digit of i?
2
Suppose -3*v - p = -3063, -3*v + 5*p - 2*p = -3063. Suppose 9*n - v = 68. What is the hundreds digit of n?
1
Let d = 9 - -12. Suppose -572 = -d*p + 10*p. What is the tens digit of p?
5
Let d(r) = 7*r + 10. Suppose 5*i + 11 = 4*q, 24 + 16 = 5*q - i. What is the units digit of d(q)?
3
Suppose -2*s + 13 - 3 = 0. Suppose -2*u + s = -31. Suppose -2*g + 14 + u = 0. What is the units digit of g?
6
Let z = 4 - -1. Let r(m) = -m**3 - 7*m**2 - 5*m + 14. Let q be r(-6). Let w = q - z. What is the units digit of w?
3
What is the thousands digit of 1686 - (32/(-40))/((-1)/(-5))?
1
Suppose -22 = -2*l + 6. What is the tens digit of l?
1
Let n(x) = 14*x + 471. What is the units digit of n(17)?
9
Suppose u = t - 44, 0 = 6*t - t - u - 224. Suppose 3*k = -h + 22 + 47, -h + 5*k + t = 0. What is the tens digit of h?
6
Suppose 9*d = 3*d + 4176. What is the hundreds digit of d?
6
Let q(p) = p**2 - 2*p + 4. Let z be q(0). What is the units digit of 537/5 + z/(-10)?
7
Let o(f) = -4*f + 42. What is the units digit of o(-23)?
4
Let x(k) = k**3 - 18*k**2 + 99*k - 34. What is the thousands digit of x(18)?
1
Let w(j) = -j**3 - 7*j**2 + 8*j - 1. Let a be w(-8). What is the units digit of 18*2 - 3/a?
9
Let m be 2*(-1 + 5/(-10)). What is the tens digit of (m/1 + -1)*-8?
3
What is the hundreds digit of 2/6*-23*(-49 + -185)?
7
Let k = 1219 - -2024. What is the tens digit of k?
4
What is the tens digit of -3*(-2 - 52/(-12))*-5?
3
Let x(n) = 7*n**2 + 4*n + 4. Let o be x(-4). Suppose o = 4*w - 2*w. Suppose 4*a - 12 = 0, 4*a + w = -4*v + 178. What is the tens digit of v?
2
Suppose 2*v + 10 = -5*a, -2*v = a + a + 4. Let s be (a - -2)/(3 - 2). Suppose -8 = -2*l - s. What is the units digit of l?
4
What is the units digit of (-4)/(-26) + (-202392)/(-117)?
0
What is the tens digit of (-13)/(78/12) + 91?
8
Let z(p) = -3 + p**2 - 5*p**2 - 4 + 3*p**2 + 14*p. Suppose -g = -3*g + 24. What is the units digit of z(g)?
7
Suppose -8*d = -3*d. Suppose d = -b - 3*b + 528. What is the units digit of b?
2
Suppose 7*u = -14*u + 8799. What is the units digit of u?
9
What is the units digit of (-11)/(-44) + 3393/12?
3
Let u be (1 - 7)/(7 - 9). Suppose 69 = 3*a - 4*x, u*x + 46 + 1 = 2*a. Let m = 31 + a. What is the units digit of m?
0
Suppose 4*m - p = 2*p + 27, 4 = -2*m - 2*p. Suppose 2*k = m*q - 103, -3*q = k + 4*k + 205. What is the tens digit of (k/(-10))/(12/30)?
1
Let c(u) = u**2 - 11*u - 7. Let g be c(13). Suppose 17 = -2*m + g. What is the units digit of m?
1
Let m be -2 - ((-3 - -1) + -16). Suppose 0 = 4*n + m, 2*c + 2*n - 20 = c. What is the tens digit of (-110)/(-4) + 14/c?
2
Suppose 8*a - 240 = 6*a. Suppose 5*j + a = 5*m, j + 4*m - 39 = 2*j. Let y = 35 + j. What is the units digit of y?
6
Suppose -2*w - 1 = l - 6, -2*l + 5*w + 1 = 0. Suppose 0*k - 4*k + 123 = -u, 0 = -2*k - l*u + 51. What is the tens digit of k?
3
Suppose -2*x - 2*o = -72, -2*x + 31 = -4*o - 17. Let t = 44 - x. What is the units digit of t?
2
Let o(k) = 5 + k + 2 + 2 - 2. Let t be o(-9). Let v(p) = 9*p**2 + 4*p. What is the tens digit of v(t)?
2
Let c(k) = 51*k + 26. What is the units digit of c(9)?
5
Let h = 482 - -164. What is the hundreds digit of h?
6
Let b(f) = 2*f**3 - 11*f**2 - 18*f + 36. What is the tens digit of b(11)?
6
Let f(x) = 9*x - 9*x - 6*x. Let w be f(2). What is the tens digit of w/(-7)*63/6?
1
Let p(h) = 12*h + 17. Let l(u) = -30*u - 42. Let r(g) = 5*l(g) + 12*p(g). Let v(o) = 2*o + 3. Let m be v(-5). What is the tens digit of r(m)?
3
Let o = -8 - -10. Let i(p) = -24*p - 15. Let m be i(-5). Suppose o*r + m = 5*r. What is the tens digit of r?
3
Let w(c) = c**3 + 5*c**2 - 6*c + 10. Suppose 5*j = 2*j - 18. What is the tens digit of w(j)?
1
Suppose 0 = j - 6*j + 275. Suppose 0 = -5*x + 4*p + 708, j = -x + 3*p + 201. What is the tens digit of x?
4
Suppose j - 661 = 2*y, -j - 2*j + 1955 = y. What is the units digit of j?
3
Let v = -39 + 32. Suppose 0 = -3*l + 11 - 59. Let i = v - l. What is the units digit of i?
9
Let a(m) = -45*m + 3. Let w be a(-3). Let n be 16/10*35/14. Suppose 2*o + 4*b - 67 = b, -n*o - 2*b = -w. What is the units digit of o?
5
Suppose 0 = 11*l - 13*l - s + 7402, s = l - 3704. What is the thousands digit of l?
3
Let i(w) = -44*w + 1. Let x be i(-3). Suppose 24*z = 34*z - 40. Suppose 146 = 5*u + j - 13, -5*j = -z*u + x. What is the units digit of u?
2
Let o = 278 + -136. Let d = o - 68. What is the tens digit of d?
7
Let f = -627 - -627. Let q be 4 + 2 + -1 + -1. Suppose -2*s - 3*s - 3*r + 166 = f, -4*s + 136 = q*r. What is the units digit of s?
2
Let n(x) = x**3 + 19*x**2 - 43*x - 3. What is the units digit of n(-17)?
6
Let d(o) = -256*o - 12 + 236*o - 26*o**2 - 3*o**2. Let n(b) = -10*b**2 - 7*b - 4. Let k(h) = -3*d(h) + 8*n(h). What is the units digit of k(-3)?
5
Suppose -3*b + 10 = 4*k, 6*b = 4*b - k. Let z(x) = -x**2 - 1 + x**3 - x**2 + 5*x**2. What is the units digit of z(b)?
3
Suppose 5*b - 15668 = j, 5*j + 0*j + 12526 = 4*b. What is the tens digit of b?
3
Let p(g) = g**3 + 7*g**2 + 7*g + 8. Let k be p(-6). Suppose 5*u + 20 = -5, 5*z + u - 70 = 0. Suppose -y = -k*y + z. What is the tens digit of y?
1
Suppose 2*k + 2*a - 1460 = 102, 2337 = 3*k + a. What is the units digit of k?
8
Let c(p) = p - 21. Let s be c(25). What is the tens digit of (-2025)/(-36) - ((-3)/s + 0)?
5
Suppose 3661 = 15*w - 8129. What is the tens digit of w?
8
Suppose -3*r = r. Suppose r + 2 = v. Suppose 0 = 3*o - s + v - 13, -4*o + 4*s + 28 = 0. What is the units digit of o?
2
Suppose 31*m - 25*m = 150. Let d = m + 181. What is the units digit of d?
6
Let n(p) be the first derivative of p**5/20 - p**4/3 - p**3 - 6*p**2 - 2*p + 3. Let j(v) be the first derivative of n(v). What is the units digit of j(6)?
4
Let i = 2274 - 963. What is the thousands digit of i?
1
Let l be (-195)/10 + 2/4. Let f = l + 24. Suppose -f*x + x + 96 = 0. What is the units digit of x?
4
Let z = -12 + 19. Suppose 6 - z = -d. What is the units digit of 5/(-10)*(d + -13)?
6
Suppose 7*i + 2459 = 6211. What is the hundreds digit of i?
5
Let d(x) = 3517*x**2 + 4*x + 5. What is the hundreds digit of d(-1)?
5
Suppose 0 = 6*m - 8*m - 14. Let y(q) = -q**3 - 6*q**2 - 2*q + 3. Let n be y(m). Suppose 5*b - n - 154 = 0. What is the units digit of b?
4
Suppose -15*b - 15 = -5*f - 13*b, 4*f = -4*b + 40. Suppose f*y + 1168 = 5*w + 2*y, -2*w + y = -467. What is the tens 